{"id":97,"date":"2020-11-06T15:14:09","date_gmt":"2020-11-06T14:14:09","guid":{"rendered":"http:\/\/miliceangelique.fr\/?page_id=97"},"modified":"2023-04-29T15:15:55","modified_gmt":"2023-04-29T13:15:55","slug":"nature-de-la-milice-angelique","status":"publish","type":"page","link":"https:\/\/miliceangelique.fr\/","title":{"rendered":"Nature de la Milice Ang\u00e9lique"},"content":{"rendered":"<div class=\"wp-block-image\">\n<figure class=\"alignright size-large\"><a href=\"https:\/\/www.chemere.org\"><img decoding=\"async\" loading=\"lazy\" width=\"145\" height=\"148\" src=\"http:\/\/miliceangelique.fr\/wp-content\/uploads\/2020\/12\/logofsvf.png\" alt=\"\" class=\"wp-image-154\"\/><\/a><\/figure><\/div>\n\n\n<p>La Milice Ang\u00e9lique du cordon de saint Thomas d\u2019Aquin est une association priv\u00e9e de fid\u00e8les qui se propose de propager et de d\u00e9fendre la chastet\u00e9 aupr\u00e8s de ses membres et plus largement dans la soci\u00e9t\u00e9. Elle est une confr\u00e9rie qui aide ses membres \u00e0 remporter la victoire dans le combat pour la puret\u00e9. Comme l\u2019enseigne saint Augustin&nbsp;:&nbsp;\u00ab&nbsp;Parmi les combats que soutiennent les chr\u00e9tiens, celui pour la chastet\u00e9 est l\u2019un des plus difficiles&nbsp;\u00bb (<em>Sermon<\/em>&nbsp;250).<\/p>\n\n\n\n<p>La Milice Ang\u00e9lique regroupe des fid\u00e8les la\u00efcs et \u00e9galement des pr\u00eatres, des religieux, qui veulent combattre pour conserver la puret\u00e9 de l\u2019\u00e2me et du corps en se mettant sous le patronage de saint Thomas d\u2019Aquin et de l\u2019Immacul\u00e9e Conception. Elle est plac\u00e9e sous la direction d\u2019un Chapelain, qui est un religieux de la Fraternit\u00e9 Saint Vincent Ferrier. <\/p>\n\n\n\n<p><strong>But et moyens de l&rsquo;Association<\/strong><\/p>\n\n\n<p>La Confr\u00e9rie a pour but d\u2019aider ses membres \u00e0 obtenir le don de la chastet\u00e9 par l\u2019intercession de saint Thomas d\u2019Aquin. Les fid\u00e8les qui s\u2019inscrivent \u00e0 la Milice Ang\u00e9lique se proposent de mener une vie chaste, chacun selon son \u00e9tat. Ils sont membres d\u2019une milice \u00e0 vocation surnaturelle et s\u2019engagent \u00e0 lutter contre l\u2019impuret\u00e9 et \u00e0 fuir les occasions de p\u00e9ch\u00e9 qui blessent la vertu de chastet\u00e9. Gr\u00e2ce \u00e0 la pri\u00e8re, ils veulent obtenir pour eux-m\u00eames et leurs compagnons de la Milice Ang\u00e9lique le don pr\u00e9cieux de la puret\u00e9. Ils prient les uns pour les autres.&nbsp;<\/p>\n<p><!-- \/wp:paragraph --><!-- wp:paragraph --><\/p>\n<p>Les membres de la Milice Ang\u00e9lique s\u2019engagent \u00e0 porter une r\u00e9plique du cordon de saint Thomas d\u2019Aquin dans le but de faciliter la d\u00e9votion int\u00e9rieure, sp\u00e9cialement quant \u00e0 l\u2019acquisition de la chastet\u00e9. La Milice est qualifi\u00e9e d\u2019ang\u00e9lique car la chastet\u00e9 est une vertu noble qui, au milieu des rudes combats pour r\u00e9gler les passions charnelles, rapproche de l\u2019\u00e9tat des anges. Ceux qui ceignent le cordon de saint Thomas constituent une arm\u00e9e de soldats capables de triompher dans les luttes difficiles \u00e0 mener pour garder la puret\u00e9.<\/p>\n<p><!-- \/wp:paragraph --><!-- wp:paragraph --><\/p>\n<p>L\u2019affiliation \u00e0 la Milice Ang\u00e9lique conf\u00e8re \u00e0 ses membres la participation aux pri\u00e8res et aux bonnes \u0153uvres de tous les membres de la Milice Ang\u00e9lique et de la <a href=\"https:\/\/www.chemere.org\/\">Fraternit\u00e9 Saint Vincent Ferrier<\/a> ainsi que l\u2019obtention des indulgences conc\u00e9d\u00e9es par l\u2019autorit\u00e9 eccl\u00e9siastique comp\u00e9tente.<\/p>\n<p><!-- \/wp:paragraph --><!-- wp:paragraph --><\/p>\n<p><!-- wp:image {\"id\":9,\"sizeSlug\":\"large\"} --><\/p>\n<figure class=\"wp-block-image size-large\"><img decoding=\"async\" loading=\"lazy\" class=\"wp-image-9 aligncenter\" src=\"http:\/\/miliceangelique.fr\/wp-content\/uploads\/2020\/11\/Armoiries-Militia-Angelica-versi-on-d\u00e9finitive-listel-blanc-931x1024.png\" alt=\"\" width=\"610\" height=\"672\" srcset=\"https:\/\/miliceangelique.fr\/wp-content\/uploads\/2020\/11\/Armoiries-Militia-Angelica-versi-on-d\u00e9finitive-listel-blanc-931x1024.png 931w, https:\/\/miliceangelique.fr\/wp-content\/uploads\/2020\/11\/Armoiries-Militia-Angelica-versi-on-d\u00e9finitive-listel-blanc-273x300.png 273w, https:\/\/miliceangelique.fr\/wp-content\/uploads\/2020\/11\/Armoiries-Militia-Angelica-versi-on-d\u00e9finitive-listel-blanc-768x845.png 768w, https:\/\/miliceangelique.fr\/wp-content\/uploads\/2020\/11\/Armoiries-Militia-Angelica-versi-on-d\u00e9finitive-listel-blanc-1397x1536.png 1397w, https:\/\/miliceangelique.fr\/wp-content\/uploads\/2020\/11\/Armoiries-Militia-Angelica-versi-on-d\u00e9finitive-listel-blanc-1862x2048.png 1862w, https:\/\/miliceangelique.fr\/wp-content\/uploads\/2020\/11\/Armoiries-Militia-Angelica-versi-on-d\u00e9finitive-listel-blanc-1568x1724.png 1568w\" sizes=\"(max-width: 610px) 100vw, 610px\" \/><\/figure>\n<p><!-- \/wp:image --><\/p>\n\n<!-- wp:embed {\"url\":\"https:\/\/youtu.be\/8_t9ZIXHm7M\",\"type\":\"video\",\"providerNameSlug\":\"youtube\",\"responsive\":true,\"className\":\"wp-embed-aspect-16-9 wp-has-aspect-ratio\"} -->\n<figure class=\"wp-block-embed is-type-video is-provider-youtube wp-block-embed-youtube wp-embed-aspect-16-9 wp-has-aspect-ratio\"><div class=\"wp-block-embed__wrapper\">\n<iframe loading=\"lazy\" title=\"La milice ang\u00e9lique\" width=\"960\" height=\"540\" src=\"https:\/\/www.youtube.com\/embed\/8_t9ZIXHm7M?feature=oembed\" frameborder=\"0\" allow=\"accelerometer; autoplay; clipboard-write; encrypted-media; gyroscope; picture-in-picture; web-share\" allowfullscreen><\/iframe>\n<\/div><\/figure>\n<!-- \/wp:embed -->","protected":false},"excerpt":{"rendered":"<p>La Milice Ang\u00e9lique du cordon de saint Thomas d\u2019Aquin est une association priv\u00e9e de fid\u00e8les qui se propose de propager et de d\u00e9fendre la chastet\u00e9 aupr\u00e8s de ses membres et plus largement dans la soci\u00e9t\u00e9. Elle est une confr\u00e9rie qui aide ses membres \u00e0 remporter la victoire dans le combat pour la puret\u00e9. Comme l\u2019enseigne saint Augustin&nbsp;:&nbsp;\u00ab&nbsp;Parmi les combats que soutiennent les chr\u00e9tiens, celui pour la chastet\u00e9 est l\u2019un des plus difficiles&nbsp;\u00bb (Sermon&nbsp;250). La Milice Ang\u00e9lique regroupe des fid\u00e8les la\u00efcs et \u00e9galement des pr\u00eatres, des religieux, qui veulent combattre pour conserver la puret\u00e9 de l\u2019\u00e2me et du corps en se mettant sous le patronage de saint Thomas d\u2019Aquin et de l\u2019Immacul\u00e9e Conception. Elle est plac\u00e9e sous la direction d\u2019un Chapelain, qui est un religieux de la Fraternit\u00e9 Saint Vincent Ferrier. But et moyens de l&rsquo;Association La Confr\u00e9rie a pour but d\u2019aider ses membres \u00e0 obtenir le don de la chastet\u00e9 par l\u2019intercession de saint Thomas d\u2019Aquin. Les fid\u00e8les qui s\u2019inscrivent \u00e0 la Milice Ang\u00e9lique se proposent de mener une vie chaste, chacun selon son \u00e9tat. Ils sont membres d\u2019une milice \u00e0 vocation surnaturelle et s\u2019engagent \u00e0 lutter contre l\u2019impuret\u00e9 et \u00e0 fuir les occasions de p\u00e9ch\u00e9 qui blessent la vertu de chastet\u00e9. Gr\u00e2ce \u00e0 la pri\u00e8re, ils veulent obtenir pour eux-m\u00eames et leurs compagnons de la Milice Ang\u00e9lique le don pr\u00e9cieux de la puret\u00e9. Ils prient les uns pour les autres.&nbsp; Les membres de la Milice Ang\u00e9lique s\u2019engagent \u00e0 porter une r\u00e9plique du cordon de saint Thomas d\u2019Aquin dans le but de faciliter la d\u00e9votion int\u00e9rieure, sp\u00e9cialement quant \u00e0 l\u2019acquisition de la chastet\u00e9. La Milice est qualifi\u00e9e d\u2019ang\u00e9lique car la chastet\u00e9 est une vertu noble qui, au milieu des rudes combats pour r\u00e9gler les passions charnelles, rapproche de l\u2019\u00e9tat des anges. Ceux qui ceignent le cordon de saint Thomas constituent une arm\u00e9e de soldats capables de triompher dans les luttes difficiles \u00e0 mener pour garder la puret\u00e9. L\u2019affiliation \u00e0 la Milice Ang\u00e9lique conf\u00e8re \u00e0 ses membres la participation aux pri\u00e8res et aux bonnes \u0153uvres de tous les membres de la Milice Ang\u00e9lique et de la Fraternit\u00e9 Saint Vincent Ferrier ainsi que l\u2019obtention des indulgences conc\u00e9d\u00e9es par l\u2019autorit\u00e9 eccl\u00e9siastique comp\u00e9tente.<\/p>\n","protected":false},"author":1,"featured_media":0,"parent":0,"menu_order":0,"comment_status":"closed","ping_status":"closed","template":"","meta":{"jetpack_post_was_ever_published":false},"jetpack_sharing_enabled":true,"_links":{"self":[{"href":"https:\/\/miliceangelique.fr\/index.php?rest_route=\/wp\/v2\/pages\/97"}],"collection":[{"href":"https:\/\/miliceangelique.fr\/index.php?rest_route=\/wp\/v2\/pages"}],"about":[{"href":"https:\/\/miliceangelique.fr\/index.php?rest_route=\/wp\/v2\/types\/page"}],"author":[{"embeddable":true,"href":"https:\/\/miliceangelique.fr\/index.php?rest_route=\/wp\/v2\/users\/1"}],"replies":[{"embeddable":true,"href":"https:\/\/miliceangelique.fr\/index.php?rest_route=%2Fwp%2Fv2%2Fcomments&post=97"}],"version-history":[{"count":12,"href":"https:\/\/miliceangelique.fr\/index.php?rest_route=\/wp\/v2\/pages\/97\/revisions"}],"predecessor-version":[{"id":184,"href":"https:\/\/miliceangelique.fr\/index.php?rest_route=\/wp\/v2\/pages\/97\/revisions\/184"}],"wp:attachment":[{"href":"https:\/\/miliceangelique.fr\/index.php?rest_route=%2Fwp%2Fv2%2Fmedia&parent=97"}],"curies":[{"name":"wp","href":"https:\/\/api.w.org\/{rel}","templated":true}]}}